{"id":9974,"date":"2023-01-28T19:10:07","date_gmt":"2023-01-28T18:10:07","guid":{"rendered":"https:\/\/le-garden.com\/?page_id=9974"},"modified":"2024-01-27T11:25:25","modified_gmt":"2024-01-27T10:25:25","slug":"st-valentin-diner-aux-chandelles","status":"publish","type":"page","link":"https:\/\/le-garden.com\/index.php\/st-valentin-diner-aux-chandelles\/","title":{"rendered":"St Valentin &#8211; Diner aux Chandelles"},"content":{"rendered":"<h1 style=\"text-align: center;\"><span style=\"color: #993300;\">D\u00eener aux Chandelles<\/span><\/h1>\n<p style=\"text-align: center;\">Un d\u00eener romantique \u00e0 la bougie vous ferait fondre de plaisir ? D\u00e9couvrez notre Menu en 5 temps dans notre Grand Salon.<\/p>\n<p style=\"text-align: center;\">R\u00e9servations au 01.55.96.98.70<\/p>\n<\/p>\n\n<div class=\"wp-block-image\">\n<figure class=\"aligncenter size-large\"><img decoding=\"async\" src=\"https:\/\/le-garden.com\/wp-content\/uploads\/2024\/01\/WhatsApp-Image-2024-01-27-a-11.24.45_b68a63c5-1024x1024.jpg\" alt=\"\" class=\"wp-image-12296\"\/><\/figure>\n<\/div>","protected":false},"excerpt":{"rendered":"<p>D\u00eener aux Chandelles Un d\u00eener romantique \u00e0 la bougie vous ferait fondre de plaisir ? D\u00e9couvrez notre Menu en 5 temps dans notre Grand Salon. R\u00e9servations au 01.55.96.98.70<\/p>\n","protected":false},"author":1,"featured_media":0,"parent":0,"menu_order":0,"comment_status":"closed","ping_status":"closed","template":"","meta":{"footnotes":""},"class_list":["post-9974","page","type-page","status-publish","hentry"],"yoast_head":"<!-- This site is optimized with the Yoast SEO plugin v27.1.1 - https:\/\/yoast.com\/product\/yoast-seo-wordpress\/ -->\n<title>St Valentin - Diner aux Chandelles - Le Garden<\/title>\n<meta name=\"robots\" content=\"index, follow, max-snippet:-1, max-image-preview:large, max-video-preview:-1\" \/>\n<link rel=\"canonical\" href=\"https:\/\/le-garden.com\/index.php\/st-valentin-diner-aux-chandelles\/\" \/>\n<meta property=\"og:locale\" content=\"fr_FR\" \/>\n<meta property=\"og:type\" content=\"article\" \/>\n<meta property=\"og:title\" content=\"St Valentin - Diner aux Chandelles - Le Garden\" \/>\n<meta property=\"og:description\" content=\"D\u00eener aux Chandelles Un d\u00eener romantique \u00e0 la bougie vous ferait fondre de plaisir ? D\u00e9couvrez notre Menu en 5 temps dans notre Grand Salon. R\u00e9servations au 01.55.96.98.70\" \/>\n<meta property=\"og:url\" content=\"https:\/\/le-garden.com\/index.php\/st-valentin-diner-aux-chandelles\/\" \/>\n<meta property=\"og:site_name\" content=\"Le Garden\" \/>\n<meta property=\"article:modified_time\" content=\"2024-01-27T10:25:25+00:00\" \/>\n<meta name=\"twitter:card\" content=\"summary_large_image\" \/>\n<script type=\"application\/ld+json\" class=\"yoast-schema-graph\">{\"@context\":\"https:\/\/schema.org\",\"@graph\":[{\"@type\":\"WebPage\",\"@id\":\"https:\/\/le-garden.com\/index.php\/st-valentin-diner-aux-chandelles\/\",\"url\":\"https:\/\/le-garden.com\/index.php\/st-valentin-diner-aux-chandelles\/\",\"name\":\"St Valentin - Diner aux Chandelles - Le Garden\",\"isPartOf\":{\"@id\":\"https:\/\/le-garden.com\/#website\"},\"primaryImageOfPage\":{\"@id\":\"https:\/\/le-garden.com\/index.php\/st-valentin-diner-aux-chandelles\/#primaryimage\"},\"image\":{\"@id\":\"https:\/\/le-garden.com\/index.php\/st-valentin-diner-aux-chandelles\/#primaryimage\"},\"thumbnailUrl\":\"https:\/\/le-garden.com\/wp-content\/uploads\/2024\/01\/WhatsApp-Image-2024-01-27-a-11.24.45_b68a63c5-1024x1024.jpg\",\"datePublished\":\"2023-01-28T18:10:07+00:00\",\"dateModified\":\"2024-01-27T10:25:25+00:00\",\"breadcrumb\":{\"@id\":\"https:\/\/le-garden.com\/index.php\/st-valentin-diner-aux-chandelles\/#breadcrumb\"},\"inLanguage\":\"fr-FR\",\"potentialAction\":[{\"@type\":\"ReadAction\",\"target\":[\"https:\/\/le-garden.com\/index.php\/st-valentin-diner-aux-chandelles\/\"]}]},{\"@type\":\"ImageObject\",\"inLanguage\":\"fr-FR\",\"@id\":\"https:\/\/le-garden.com\/index.php\/st-valentin-diner-aux-chandelles\/#primaryimage\",\"url\":\"\",\"contentUrl\":\"\"},{\"@type\":\"BreadcrumbList\",\"@id\":\"https:\/\/le-garden.com\/index.php\/st-valentin-diner-aux-chandelles\/#breadcrumb\",\"itemListElement\":[{\"@type\":\"ListItem\",\"position\":1,\"name\":\"Accueil\",\"item\":\"https:\/\/le-garden.com\/\"},{\"@type\":\"ListItem\",\"position\":2,\"name\":\"St Valentin &#8211; Diner aux Chandelles\"}]},{\"@type\":\"WebSite\",\"@id\":\"https:\/\/le-garden.com\/#website\",\"url\":\"https:\/\/le-garden.com\/\",\"name\":\"Le Garden\",\"description\":\"Restaurant\",\"publisher\":{\"@id\":\"https:\/\/le-garden.com\/#organization\"},\"potentialAction\":[{\"@type\":\"SearchAction\",\"target\":{\"@type\":\"EntryPoint\",\"urlTemplate\":\"https:\/\/le-garden.com\/?s={search_term_string}\"},\"query-input\":{\"@type\":\"PropertyValueSpecification\",\"valueRequired\":true,\"valueName\":\"search_term_string\"}}],\"inLanguage\":\"fr-FR\"},{\"@type\":\"Organization\",\"@id\":\"https:\/\/le-garden.com\/#organization\",\"name\":\"Le Garden\",\"url\":\"https:\/\/le-garden.com\/\",\"logo\":{\"@type\":\"ImageObject\",\"inLanguage\":\"fr-FR\",\"@id\":\"https:\/\/le-garden.com\/#\/schema\/logo\/image\/\",\"url\":\"https:\/\/le-garden.com\/wp-content\/uploads\/2023\/10\/cropped-LOGO_LE-GARDEN_RESTAURANT_V.png\",\"contentUrl\":\"https:\/\/le-garden.com\/wp-content\/uploads\/2023\/10\/cropped-LOGO_LE-GARDEN_RESTAURANT_V.png\",\"width\":5906,\"height\":5906,\"caption\":\"Le Garden\"},\"image\":{\"@id\":\"https:\/\/le-garden.com\/#\/schema\/logo\/image\/\"}}]}<\/script>\n<!-- \/ Yoast SEO plugin. -->","yoast_head_json":{"title":"St Valentin - Diner aux Chandelles - Le Garden","robots":{"index":"index","follow":"follow","max-snippet":"max-snippet:-1","max-image-preview":"max-image-preview:large","max-video-preview":"max-video-preview:-1"},"canonical":"https:\/\/le-garden.com\/index.php\/st-valentin-diner-aux-chandelles\/","og_locale":"fr_FR","og_type":"article","og_title":"St Valentin - Diner aux Chandelles - Le Garden","og_description":"D\u00eener aux Chandelles Un d\u00eener romantique \u00e0 la bougie vous ferait fondre de plaisir ? D\u00e9couvrez notre Menu en 5 temps dans notre Grand Salon. R\u00e9servations au 01.55.96.98.70","og_url":"https:\/\/le-garden.com\/index.php\/st-valentin-diner-aux-chandelles\/","og_site_name":"Le Garden","article_modified_time":"2024-01-27T10:25:25+00:00","twitter_card":"summary_large_image","schema":{"@context":"https:\/\/schema.org","@graph":[{"@type":"WebPage","@id":"https:\/\/le-garden.com\/index.php\/st-valentin-diner-aux-chandelles\/","url":"https:\/\/le-garden.com\/index.php\/st-valentin-diner-aux-chandelles\/","name":"St Valentin - Diner aux Chandelles - Le Garden","isPartOf":{"@id":"https:\/\/le-garden.com\/#website"},"primaryImageOfPage":{"@id":"https:\/\/le-garden.com\/index.php\/st-valentin-diner-aux-chandelles\/#primaryimage"},"image":{"@id":"https:\/\/le-garden.com\/index.php\/st-valentin-diner-aux-chandelles\/#primaryimage"},"thumbnailUrl":"https:\/\/le-garden.com\/wp-content\/uploads\/2024\/01\/WhatsApp-Image-2024-01-27-a-11.24.45_b68a63c5-1024x1024.jpg","datePublished":"2023-01-28T18:10:07+00:00","dateModified":"2024-01-27T10:25:25+00:00","breadcrumb":{"@id":"https:\/\/le-garden.com\/index.php\/st-valentin-diner-aux-chandelles\/#breadcrumb"},"inLanguage":"fr-FR","potentialAction":[{"@type":"ReadAction","target":["https:\/\/le-garden.com\/index.php\/st-valentin-diner-aux-chandelles\/"]}]},{"@type":"ImageObject","inLanguage":"fr-FR","@id":"https:\/\/le-garden.com\/index.php\/st-valentin-diner-aux-chandelles\/#primaryimage","url":"","contentUrl":""},{"@type":"BreadcrumbList","@id":"https:\/\/le-garden.com\/index.php\/st-valentin-diner-aux-chandelles\/#breadcrumb","itemListElement":[{"@type":"ListItem","position":1,"name":"Accueil","item":"https:\/\/le-garden.com\/"},{"@type":"ListItem","position":2,"name":"St Valentin &#8211; Diner aux Chandelles"}]},{"@type":"WebSite","@id":"https:\/\/le-garden.com\/#website","url":"https:\/\/le-garden.com\/","name":"Le Garden","description":"Restaurant","publisher":{"@id":"https:\/\/le-garden.com\/#organization"},"potentialAction":[{"@type":"SearchAction","target":{"@type":"EntryPoint","urlTemplate":"https:\/\/le-garden.com\/?s={search_term_string}"},"query-input":{"@type":"PropertyValueSpecification","valueRequired":true,"valueName":"search_term_string"}}],"inLanguage":"fr-FR"},{"@type":"Organization","@id":"https:\/\/le-garden.com\/#organization","name":"Le Garden","url":"https:\/\/le-garden.com\/","logo":{"@type":"ImageObject","inLanguage":"fr-FR","@id":"https:\/\/le-garden.com\/#\/schema\/logo\/image\/","url":"https:\/\/le-garden.com\/wp-content\/uploads\/2023\/10\/cropped-LOGO_LE-GARDEN_RESTAURANT_V.png","contentUrl":"https:\/\/le-garden.com\/wp-content\/uploads\/2023\/10\/cropped-LOGO_LE-GARDEN_RESTAURANT_V.png","width":5906,"height":5906,"caption":"Le Garden"},"image":{"@id":"https:\/\/le-garden.com\/#\/schema\/logo\/image\/"}}]}},"_links":{"self":[{"href":"https:\/\/le-garden.com\/index.php\/wp-json\/wp\/v2\/pages\/9974","targetHints":{"allow":["GET"]}}],"collection":[{"href":"https:\/\/le-garden.com\/index.php\/wp-json\/wp\/v2\/pages"}],"about":[{"href":"https:\/\/le-garden.com\/index.php\/wp-json\/wp\/v2\/types\/page"}],"author":[{"embeddable":true,"href":"https:\/\/le-garden.com\/index.php\/wp-json\/wp\/v2\/users\/1"}],"replies":[{"embeddable":true,"href":"https:\/\/le-garden.com\/index.php\/wp-json\/wp\/v2\/comments?post=9974"}],"version-history":[{"count":4,"href":"https:\/\/le-garden.com\/index.php\/wp-json\/wp\/v2\/pages\/9974\/revisions"}],"predecessor-version":[{"id":12297,"href":"https:\/\/le-garden.com\/index.php\/wp-json\/wp\/v2\/pages\/9974\/revisions\/12297"}],"wp:attachment":[{"href":"https:\/\/le-garden.com\/index.php\/wp-json\/wp\/v2\/media?parent=9974"}],"curies":[{"name":"wp","href":"https:\/\/api.w.org\/{rel}","templated":true}]}}

<h1 style="text-align: center;"><span style="color: #993300;">Dîner aux Chandelles</span></h1>
<p style="text-align: center;">Un dîner romantique à la bougie vous ferait fondre de plaisir ? Découvrez notre Menu en 5 temps dans notre Grand Salon.</p>
<p style="text-align: center;">Réservations au 01.55.96.98.70</p>
</p>

<div class="wp-block-image">
<figure class="aligncenter size-large"><img decoding="async" src="https://le-garden.com/wp-content/uploads/2024/01/WhatsApp-Image-2024-01-27-a-11.24.45_b68a63c5-1024x1024.jpg" alt="" class="wp-image-12296"/></figure>
</div>

<p>Dîner aux Chandelles Un dîner romantique à la bougie vous ferait fondre de plaisir ? Découvrez notre Menu en 5 temps dans notre Grand Salon. Réservations au 01.55.96.98.70</p>

<!-- This site is optimized with the Yoast SEO plugin v27.1.1 - https://yoast.com/product/yoast-seo-wordpress/ -->
<title>St Valentin - Diner aux Chandelles - Le Garden</title>
<meta name="robots" content="index, follow, max-snippet:-1, max-image-preview:large, max-video-preview:-1" />
<link rel="canonical" href="https://le-garden.com/index.php/st-valentin-diner-aux-chandelles/" />
<meta property="og:locale" content="fr_FR" />
<meta property="og:type" content="article" />
<meta property="og:title" content="St Valentin - Diner aux Chandelles - Le Garden" />
<meta property="og:description" content="Dîner aux Chandelles Un dîner romantique à la bougie vous ferait fondre de plaisir ? Découvrez notre Menu en 5 temps dans notre Grand Salon. Réservations au 01.55.96.98.70" />
<meta property="og:url" content="https://le-garden.com/index.php/st-valentin-diner-aux-chandelles/" />
<meta property="og:site_name" content="Le Garden" />
<meta property="article:modified_time" content="2024-01-27T10:25:25+00:00" />
<meta name="twitter:card" content="summary_large_image" />
<script type="application/ld+json" class="yoast-schema-graph">{"@context":"https://schema.org","@graph":[{"@type":"WebPage","@id":"https://le-garden.com/index.php/st-valentin-diner-aux-chandelles/","url":"https://le-garden.com/index.php/st-valentin-diner-aux-chandelles/","name":"St Valentin - Diner aux Chandelles - Le Garden","isPartOf":{"@id":"https://le-garden.com/#website"},"primaryImageOfPage":{"@id":"https://le-garden.com/index.php/st-valentin-diner-aux-chandelles/#primaryimage"},"image":{"@id":"https://le-garden.com/index.php/st-valentin-diner-aux-chandelles/#primaryimage"},"thumbnailUrl":"https://le-garden.com/wp-content/uploads/2024/01/WhatsApp-Image-2024-01-27-a-11.24.45_b68a63c5-1024x1024.jpg","datePublished":"2023-01-28T18:10:07+00:00","dateModified":"2024-01-27T10:25:25+00:00","breadcrumb":{"@id":"https://le-garden.com/index.php/st-valentin-diner-aux-chandelles/#breadcrumb"},"inLanguage":"fr-FR","potentialAction":[{"@type":"ReadAction","target":["https://le-garden.com/index.php/st-valentin-diner-aux-chandelles/"]}]},{"@type":"ImageObject","inLanguage":"fr-FR","@id":"https://le-garden.com/index.php/st-valentin-diner-aux-chandelles/#primaryimage","url":"","contentUrl":""},{"@type":"BreadcrumbList","@id":"https://le-garden.com/index.php/st-valentin-diner-aux-chandelles/#breadcrumb","itemListElement":[{"@type":"ListItem","position":1,"name":"Accueil","item":"https://le-garden.com/"},{"@type":"ListItem","position":2,"name":"St Valentin &#8211; Diner aux Chandelles"}]},{"@type":"WebSite","@id":"https://le-garden.com/#website","url":"https://le-garden.com/","name":"Le Garden","description":"Restaurant","publisher":{"@id":"https://le-garden.com/#organization"},"potentialAction":[{"@type":"SearchAction","target":{"@type":"EntryPoint","urlTemplate":"https://le-garden.com/?s={search_term_string}"},"query-input":{"@type":"PropertyValueSpecification","valueRequired":true,"valueName":"search_term_string"}}],"inLanguage":"fr-FR"},{"@type":"Organization","@id":"https://le-garden.com/#organization","name":"Le Garden","url":"https://le-garden.com/","logo":{"@type":"ImageObject","inLanguage":"fr-FR","@id":"https://le-garden.com/#/schema/logo/image/","url":"https://le-garden.com/wp-content/uploads/2023/10/cropped-LOGO_LE-GARDEN_RESTAURANT_V.png","contentUrl":"https://le-garden.com/wp-content/uploads/2023/10/cropped-LOGO_LE-GARDEN_RESTAURANT_V.png","width":5906,"height":5906,"caption":"Le Garden"},"image":{"@id":"https://le-garden.com/#/schema/logo/image/"}}]}</script>
<!-- / Yoast SEO plugin. -->

Dîner aux Chandelles Un dîner romantique à la bougie vous ferait fondre de plaisir ? Découvrez notre Menu en 5 temps dans notre Grand Salon. Réservations au 01.55.96.98.70
