{"id":16612,"date":"2026-02-28T14:26:15","date_gmt":"2026-02-28T13:26:15","guid":{"rendered":"https:\/\/le-garden.com\/?page_id=16612"},"modified":"2026-03-11T16:35:01","modified_gmt":"2026-03-11T15:35:01","slug":"paques-2","status":"publish","type":"page","link":"https:\/\/le-garden.com\/index.php\/accueil\/paques-2\/","title":{"rendered":"MENU DE P\u00c2QUES"},"content":{"rendered":"<div data-colibri-id=\"16612-c1\" class=\"style-4800 style-local-16612-c1 position-relative\">\r\n  <!---->\r\n  <div data-colibri-component=\"section\" data-colibri-id=\"16612-c2\" id=\"photo\" class=\"h-section h-section-global-spacing d-flex align-items-lg-center align-items-md-center align-items-center style-4801 style-local-16612-c2 position-relative\">\r\n    <!---->\r\n    <!---->\r\n    <div class=\"h-section-grid-container h-section-boxed-container\">\r\n      <!---->\r\n      <div data-colibri-id=\"16612-c3\" class=\"h-row-container gutters-row-lg-2 gutters-row-md-2 gutters-row-2 gutters-row-v-lg-2 gutters-row-v-md-2 gutters-row-v-2 style-4802 style-local-16612-c3 position-relative\">\r\n        <!---->\r\n        <div class=\"h-row justify-content-lg-center justify-content-md-center justify-content-center align-items-lg-center align-items-md-center align-items-center gutters-col-lg-2 gutters-col-md-2 gutters-col-2 gutters-col-v-lg-2 gutters-col-v-md-2 gutters-col-v-2\">\r\n          <!---->\r\n          <div class=\"h-column h-column-container d-flex h-col-lg-auto h-col-md-auto h-col-auto align-self-lg-center align-self-md-center align-self-center style-4803-outer style-local-16612-c4-outer\">\r\n            <div data-colibri-id=\"16612-c4\" class=\"d-flex h-flex-basis h-column__inner h-ui-empty-state-container h-px-lg-0 h-px-md-0 h-px-0 v-inner-lg-0 v-inner-md-0 v-inner-0 style-4803 style-local-16612-c4 position-relative\">\r\n              <!---->\r\n              <!---->\r\n              <div class=\"w-100 h-y-container h-column__content h-column__v-align flex-basis-100\">\r\n                <!---->\r\n              <\/div>\r\n            <\/div>\r\n          <\/div>\r\n        <\/div>\r\n      <\/div>\r\n    <\/div>\r\n  <\/div>\r\n  <div data-colibri-component=\"section\" data-colibri-id=\"16612-c5\" id=\"titre-h1\" class=\"h-section h-section-global-spacing d-flex align-items-lg-center align-items-md-center align-items-center style-4804 style-local-16612-c5 position-relative\">\r\n    <!---->\r\n    <!---->\r\n    <div class=\"h-section-grid-container h-section-boxed-container\">\r\n      <!---->\r\n      <div data-colibri-id=\"16612-c6\" class=\"h-row-container gutters-row-lg-2 gutters-row-md-2 gutters-row-0 gutters-row-v-lg-2 gutters-row-v-md-2 gutters-row-v-2 style-4805 style-local-16612-c6 position-relative\">\r\n        <!---->\r\n        <div class=\"h-row justify-content-lg-center justify-content-md-center justify-content-center align-items-lg-stretch align-items-md-stretch align-items-stretch gutters-col-lg-2 gutters-col-md-2 gutters-col-0 gutters-col-v-lg-2 gutters-col-v-md-2 gutters-col-v-2\">\r\n          <!---->\r\n          <div class=\"h-column h-column-container d-flex h-col-lg-auto h-col-md-auto h-col-auto style-4806-outer style-local-16612-c7-outer\">\r\n            <div data-colibri-id=\"16612-c7\" class=\"d-flex h-flex-basis h-column__inner h-px-lg-2 h-px-md-2 h-px-2 v-inner-lg-2 v-inner-md-2 v-inner-2 style-4806 style-local-16612-c7 position-relative\">\r\n              <!---->\r\n              <!---->\r\n              <div class=\"w-100 h-y-container h-column__content h-column__v-align flex-basis-100 align-self-lg-start align-self-md-start align-self-start\">\r\n                <!---->\r\n                <div data-colibri-id=\"16612-c8\" class=\"h-text h-text-component style-4807 style-local-16612-c8 position-relative h-element\">\r\n                  <!---->\r\n                  <!---->\r\n                  <div class=\"\">\r\n                    <h1><span style=\"font-size: 90%; color: rgb(29, 117, 59);\">Menu de P\u00e2ques &#8211; 88 euros<\/span><span style=\"font-size: 90%;\"><br><\/span><span style=\"font-size: 75%;\">Dimanche 5 avril 2026<\/span>\r\n                      <br><span style=\"font-size: 70%;\">\u00e0 partir de 12h00<\/span><\/h1>\r\n                    <p>\r\n                      <br>\r\n                    <\/p>\r\n                  <\/div>\r\n                <\/div>\r\n              <\/div>\r\n            <\/div>\r\n          <\/div>\r\n        <\/div>\r\n      <\/div>\r\n    <\/div>\r\n  <\/div>\r\n  <div data-colibri-component=\"section\" data-colibri-id=\"16612-c9\" id=\"blank\" class=\"h-section h-section-global-spacing d-flex align-items-lg-center align-items-md-center align-items-center style-4809 style-local-16612-c9 position-relative\">\r\n    <!---->\r\n    <!---->\r\n    <div class=\"h-section-grid-container h-section-boxed-container\">\r\n      <!---->\r\n      <div data-colibri-id=\"16612-c10\" class=\"h-row-container gutters-row-lg-2 gutters-row-md-2 gutters-row-0 gutters-row-v-lg-2 gutters-row-v-md-2 gutters-row-v-2 style-4810 style-local-16612-c10 position-relative\">\r\n        <!---->\r\n        <div class=\"h-row justify-content-lg-center justify-content-md-center justify-content-center align-items-lg-stretch align-items-md-stretch align-items-stretch gutters-col-lg-2 gutters-col-md-2 gutters-col-0 gutters-col-v-lg-2 gutters-col-v-md-2 gutters-col-v-2\">\r\n          <!---->\r\n          <div class=\"h-column h-column-container d-flex h-col-lg-12 h-col-md-12 h-col-12 style-4811-outer style-local-16612-c11-outer\">\r\n            <div data-colibri-id=\"16612-c11\" class=\"d-flex h-flex-basis h-column__inner h-px-lg-2 h-px-md-2 h-px-2 v-inner-lg-2 v-inner-md-2 v-inner-2 style-4811 style-local-16612-c11 position-relative\">\r\n              <!---->\r\n              <!---->\r\n              <div class=\"w-100 h-y-container h-column__content h-column__v-align flex-basis-100 align-self-lg-start align-self-md-start align-self-start\">\r\n                <!---->\r\n                <div data-colibri-id=\"16612-c12\" class=\"h-text h-text-component style-4812 style-local-16612-c12 position-relative h-element\">\r\n                  <!---->\r\n                  <!---->\r\n                  <div class=\"\">\r\n                    <h2><span style=\"font-weight: 400; color: rgb(29, 87, 59); font-size: 66%;\">Pr\u00e9-mises en bouche &amp; amuse-bouches<\/span><\/h2>\r\n                    <h2><span style=\"color: rgb(29, 87, 59); font-weight: 400; font-size: 66%;\">Entr\u00e9e<\/span><\/h2>\r\n                    <p><span style=\"color: rgba(0,0,0,var(--O42jJQ,1)); font-weight: 400;\">Saumon gravlax, cr\u00e8me prise d\u2019asperges blanches, pur\u00e9e de petits pois aux agrumes de printemps, vinaigrette tranch\u00e9e \u00e0 l\u2019huile d\u2019herbes<\/span><\/p>\r\n                    <h2><span style=\"color: rgb(29, 87, 59); font-weight: 400; font-size: 66%;\">Plat de mer<\/span><\/h2>\r\n                    <p><span style=\"font-weight: 400; color: rgba(0,0,0,var(--O42jJQ,1));\">Encornet grill\u00e9 au Mibrasa, petits macaronis, \u00e9mulsion coco-miso, curry rouge, basilic tha\u00ef, chips de tapioca, jeunes pousses de coriandre<\/span><\/p>\r\n                    <h2><span style=\"font-size: 66%; color: rgb(29, 87, 59); font-weight: 400;\">Plat de terre<\/span><\/h2>\r\n                    <p><span style=\"color: rgba(0,0,0,var(--O42jJQ,1)); font-weight: 400;\">Tartelette d\u2019\u00e9paule d\u2019agneau confite, mijot\u00e9 de chou rouge au vin rouge, pickles d\u2019oignons rouges, jus d\u2019agneau cors\u00e9, asperges vertes croquantes<\/span><\/p>\r\n                    <h2><span style=\"color: rgb(29, 87, 59); font-weight: 400; font-size: 66%;\">Dessert<\/span><\/h2>\r\n                    <p><span style=\"font-weight: 400; color: rgba(0,0,0,var(--O42jJQ,1));\">Chocolat blanc, fraise et liv\u00e8che, cr\u00e8me namelaka, tartare de fraises gariguettes vanill\u00e9, sorbet fraise-liv\u00e8che et sabl\u00e9 au chocolat blanc<\/span><\/p>\r\n                  <\/div>\r\n                <\/div>\r\n              <\/div>\r\n            <\/div>\r\n          <\/div>\r\n        <\/div>\r\n      <\/div>\r\n    <\/div>\r\n  <\/div>\r\n  <div data-colibri-component=\"section\" data-colibri-id=\"16612-c17\" id=\"corps\" class=\"h-section h-section-global-spacing d-flex align-items-lg-center align-items-md-center align-items-center style-4817 style-local-16612-c17 position-relative\">\r\n    <!---->\r\n    <!---->\r\n    <div class=\"h-section-grid-container h-section-fluid-container\">\r\n      <!---->\r\n      <div data-colibri-id=\"16612-c18\" class=\"h-row-container gutters-row-lg-2 gutters-row-md-2 gutters-row-0 gutters-row-v-lg-2 gutters-row-v-md-2 gutters-row-v-2 style-4818 style-local-16612-c18 position-relative\">\r\n        <!---->\r\n        <div class=\"h-row justify-content-lg-center justify-content-md-center justify-content-center align-items-lg-stretch align-items-md-stretch align-items-stretch gutters-col-lg-2 gutters-col-md-2 gutters-col-0 gutters-col-v-lg-2 gutters-col-v-md-2 gutters-col-v-2\">\r\n          <!---->\r\n          <div class=\"h-column h-column-container d-flex h-col-lg-auto h-col-md-auto h-col-auto style-4819-outer style-local-16612-c19-outer\">\r\n            <div data-colibri-id=\"16612-c19\" class=\"d-flex h-flex-basis h-column__inner h-px-lg-2 h-px-md-2 h-px-2 v-inner-lg-2 v-inner-md-2 v-inner-2 style-4819 style-local-16612-c19 position-relative\">\r\n              <!---->\r\n              <!---->\r\n              <div class=\"w-100 h-y-container h-column__content h-column__v-align flex-basis-100 align-self-lg-start align-self-md-start align-self-start\">\r\n                <!---->\r\n                <div data-colibri-id=\"16612-c20\" class=\"h-x-container style-4820 style-local-16612-c20 position-relative h-element\">\r\n                  <!---->\r\n                  <div class=\"h-x-container-inner style-dynamic-16612-c20-group style-4820-spacing style-local-16612-c20-spacing\"><span class=\"h-button__outer style-4821-outer style-local-16612-c21-outer d-inline-flex h-element\"><a h-use-smooth-scroll=\"true\" href=\"https:\/\/le-garden.com\/index.php\/reservez-votre-table\/\"  data-colibri-id=\"16612-c21\" class=\"d-flex w-100 align-items-center h-button justify-content-lg-center justify-content-md-center justify-content-center style-4821 style-local-16612-c21 position-relative\"><!----><!----> <span>Contactez-nous<\/span><\/a>\r\n                    <\/span>\r\n                  <\/div>\r\n                <\/div>\r\n              <\/div>\r\n            <\/div>\r\n          <\/div>\r\n        <\/div>\r\n      <\/div>\r\n    <\/div>\r\n  <\/div>\r\n<\/div>","protected":false},"excerpt":{"rendered":"<p>Menu de P\u00e2ques &#8211; 88 eurosDimanche 5 avril 2026 \u00e0 partir de 12h00 Pr\u00e9-mises en bouche &amp; amuse-bouches Entr\u00e9e Saumon gravlax, cr\u00e8me prise d\u2019asperges blanches, pur\u00e9e de petits pois aux agrumes de printemps, vinaigrette tranch\u00e9e \u00e0 l\u2019huile d\u2019herbes Plat de mer Encornet grill\u00e9 au Mibrasa, petits macaronis, \u00e9mulsion coco-miso, curry rouge, basilic tha\u00ef, chips de [&hellip;]<\/p>\n","protected":false},"author":1,"featured_media":0,"parent":13856,"menu_order":0,"comment_status":"closed","ping_status":"closed","template":"page-templates\/full-width-page.php","meta":{"footnotes":""},"class_list":["post-16612","page","type-page","status-publish","hentry"],"yoast_head":"<!-- This site is optimized with the Yoast SEO plugin v27.1.1 - https:\/\/yoast.com\/product\/yoast-seo-wordpress\/ -->\n<title>MENU DE P\u00c2QUES - Le Garden<\/title>\n<meta name=\"robots\" content=\"index, follow, max-snippet:-1, max-image-preview:large, max-video-preview:-1\" \/>\n<link rel=\"canonical\" href=\"https:\/\/le-garden.com\/index.php\/accueil\/paques-2\/\" \/>\n<meta property=\"og:locale\" content=\"fr_FR\" \/>\n<meta property=\"og:type\" content=\"article\" \/>\n<meta property=\"og:title\" content=\"MENU DE P\u00c2QUES - Le Garden\" \/>\n<meta property=\"og:description\" content=\"Menu de P\u00e2ques &#8211; 88 eurosDimanche 5 avril 2026 \u00e0 partir de 12h00 Pr\u00e9-mises en bouche &amp; amuse-bouches Entr\u00e9e Saumon gravlax, cr\u00e8me prise d\u2019asperges blanches, pur\u00e9e de petits pois aux agrumes de printemps, vinaigrette tranch\u00e9e \u00e0 l\u2019huile d\u2019herbes Plat de mer Encornet grill\u00e9 au Mibrasa, petits macaronis, \u00e9mulsion coco-miso, curry rouge, basilic tha\u00ef, chips de [&hellip;]\" \/>\n<meta property=\"og:url\" content=\"https:\/\/le-garden.com\/index.php\/accueil\/paques-2\/\" \/>\n<meta property=\"og:site_name\" content=\"Le Garden\" \/>\n<meta property=\"article:modified_time\" content=\"2026-03-11T15:35:01+00:00\" \/>\n<meta name=\"twitter:card\" content=\"summary_large_image\" \/>\n<meta name=\"twitter:label1\" content=\"Dur\u00e9e de lecture estim\u00e9e\" \/>\n\t<meta name=\"twitter:data1\" content=\"1 minute\" \/>\n<script type=\"application\/ld+json\" class=\"yoast-schema-graph\">{\"@context\":\"https:\/\/schema.org\",\"@graph\":[{\"@type\":\"WebPage\",\"@id\":\"https:\/\/le-garden.com\/index.php\/accueil\/paques-2\/\",\"url\":\"https:\/\/le-garden.com\/index.php\/accueil\/paques-2\/\",\"name\":\"MENU DE P\u00c2QUES - Le Garden\",\"isPartOf\":{\"@id\":\"https:\/\/le-garden.com\/#website\"},\"datePublished\":\"2026-02-28T13:26:15+00:00\",\"dateModified\":\"2026-03-11T15:35:01+00:00\",\"breadcrumb\":{\"@id\":\"https:\/\/le-garden.com\/index.php\/accueil\/paques-2\/#breadcrumb\"},\"inLanguage\":\"fr-FR\",\"potentialAction\":[{\"@type\":\"ReadAction\",\"target\":[\"https:\/\/le-garden.com\/index.php\/accueil\/paques-2\/\"]}]},{\"@type\":\"BreadcrumbList\",\"@id\":\"https:\/\/le-garden.com\/index.php\/accueil\/paques-2\/#breadcrumb\",\"itemListElement\":[{\"@type\":\"ListItem\",\"position\":1,\"name\":\"Accueil\",\"item\":\"https:\/\/le-garden.com\/\"},{\"@type\":\"ListItem\",\"position\":2,\"name\":\"Accueil\",\"item\":\"https:\/\/le-garden.com\/\"},{\"@type\":\"ListItem\",\"position\":3,\"name\":\"MENU DE P\u00c2QUES\"}]},{\"@type\":\"WebSite\",\"@id\":\"https:\/\/le-garden.com\/#website\",\"url\":\"https:\/\/le-garden.com\/\",\"name\":\"Le Garden\",\"description\":\"Restaurant\",\"publisher\":{\"@id\":\"https:\/\/le-garden.com\/#organization\"},\"potentialAction\":[{\"@type\":\"SearchAction\",\"target\":{\"@type\":\"EntryPoint\",\"urlTemplate\":\"https:\/\/le-garden.com\/?s={search_term_string}\"},\"query-input\":{\"@type\":\"PropertyValueSpecification\",\"valueRequired\":true,\"valueName\":\"search_term_string\"}}],\"inLanguage\":\"fr-FR\"},{\"@type\":\"Organization\",\"@id\":\"https:\/\/le-garden.com\/#organization\",\"name\":\"Le Garden\",\"url\":\"https:\/\/le-garden.com\/\",\"logo\":{\"@type\":\"ImageObject\",\"inLanguage\":\"fr-FR\",\"@id\":\"https:\/\/le-garden.com\/#\/schema\/logo\/image\/\",\"url\":\"https:\/\/le-garden.com\/wp-content\/uploads\/2023\/10\/cropped-LOGO_LE-GARDEN_RESTAURANT_V.png\",\"contentUrl\":\"https:\/\/le-garden.com\/wp-content\/uploads\/2023\/10\/cropped-LOGO_LE-GARDEN_RESTAURANT_V.png\",\"width\":5906,\"height\":5906,\"caption\":\"Le Garden\"},\"image\":{\"@id\":\"https:\/\/le-garden.com\/#\/schema\/logo\/image\/\"}}]}<\/script>\n<!-- \/ Yoast SEO plugin. -->","yoast_head_json":{"title":"MENU DE P\u00c2QUES - Le Garden","robots":{"index":"index","follow":"follow","max-snippet":"max-snippet:-1","max-image-preview":"max-image-preview:large","max-video-preview":"max-video-preview:-1"},"canonical":"https:\/\/le-garden.com\/index.php\/accueil\/paques-2\/","og_locale":"fr_FR","og_type":"article","og_title":"MENU DE P\u00c2QUES - Le Garden","og_description":"Menu de P\u00e2ques &#8211; 88 eurosDimanche 5 avril 2026 \u00e0 partir de 12h00 Pr\u00e9-mises en bouche &amp; amuse-bouches Entr\u00e9e Saumon gravlax, cr\u00e8me prise d\u2019asperges blanches, pur\u00e9e de petits pois aux agrumes de printemps, vinaigrette tranch\u00e9e \u00e0 l\u2019huile d\u2019herbes Plat de mer Encornet grill\u00e9 au Mibrasa, petits macaronis, \u00e9mulsion coco-miso, curry rouge, basilic tha\u00ef, chips de [&hellip;]","og_url":"https:\/\/le-garden.com\/index.php\/accueil\/paques-2\/","og_site_name":"Le Garden","article_modified_time":"2026-03-11T15:35:01+00:00","twitter_card":"summary_large_image","twitter_misc":{"Dur\u00e9e de lecture estim\u00e9e":"1 minute"},"schema":{"@context":"https:\/\/schema.org","@graph":[{"@type":"WebPage","@id":"https:\/\/le-garden.com\/index.php\/accueil\/paques-2\/","url":"https:\/\/le-garden.com\/index.php\/accueil\/paques-2\/","name":"MENU DE P\u00c2QUES - Le Garden","isPartOf":{"@id":"https:\/\/le-garden.com\/#website"},"datePublished":"2026-02-28T13:26:15+00:00","dateModified":"2026-03-11T15:35:01+00:00","breadcrumb":{"@id":"https:\/\/le-garden.com\/index.php\/accueil\/paques-2\/#breadcrumb"},"inLanguage":"fr-FR","potentialAction":[{"@type":"ReadAction","target":["https:\/\/le-garden.com\/index.php\/accueil\/paques-2\/"]}]},{"@type":"BreadcrumbList","@id":"https:\/\/le-garden.com\/index.php\/accueil\/paques-2\/#breadcrumb","itemListElement":[{"@type":"ListItem","position":1,"name":"Accueil","item":"https:\/\/le-garden.com\/"},{"@type":"ListItem","position":2,"name":"Accueil","item":"https:\/\/le-garden.com\/"},{"@type":"ListItem","position":3,"name":"MENU DE P\u00c2QUES"}]},{"@type":"WebSite","@id":"https:\/\/le-garden.com\/#website","url":"https:\/\/le-garden.com\/","name":"Le Garden","description":"Restaurant","publisher":{"@id":"https:\/\/le-garden.com\/#organization"},"potentialAction":[{"@type":"SearchAction","target":{"@type":"EntryPoint","urlTemplate":"https:\/\/le-garden.com\/?s={search_term_string}"},"query-input":{"@type":"PropertyValueSpecification","valueRequired":true,"valueName":"search_term_string"}}],"inLanguage":"fr-FR"},{"@type":"Organization","@id":"https:\/\/le-garden.com\/#organization","name":"Le Garden","url":"https:\/\/le-garden.com\/","logo":{"@type":"ImageObject","inLanguage":"fr-FR","@id":"https:\/\/le-garden.com\/#\/schema\/logo\/image\/","url":"https:\/\/le-garden.com\/wp-content\/uploads\/2023\/10\/cropped-LOGO_LE-GARDEN_RESTAURANT_V.png","contentUrl":"https:\/\/le-garden.com\/wp-content\/uploads\/2023\/10\/cropped-LOGO_LE-GARDEN_RESTAURANT_V.png","width":5906,"height":5906,"caption":"Le Garden"},"image":{"@id":"https:\/\/le-garden.com\/#\/schema\/logo\/image\/"}}]}},"_links":{"self":[{"href":"https:\/\/le-garden.com\/index.php\/wp-json\/wp\/v2\/pages\/16612","targetHints":{"allow":["GET"]}}],"collection":[{"href":"https:\/\/le-garden.com\/index.php\/wp-json\/wp\/v2\/pages"}],"about":[{"href":"https:\/\/le-garden.com\/index.php\/wp-json\/wp\/v2\/types\/page"}],"author":[{"embeddable":true,"href":"https:\/\/le-garden.com\/index.php\/wp-json\/wp\/v2\/users\/1"}],"replies":[{"embeddable":true,"href":"https:\/\/le-garden.com\/index.php\/wp-json\/wp\/v2\/comments?post=16612"}],"version-history":[{"count":6,"href":"https:\/\/le-garden.com\/index.php\/wp-json\/wp\/v2\/pages\/16612\/revisions"}],"predecessor-version":[{"id":16769,"href":"https:\/\/le-garden.com\/index.php\/wp-json\/wp\/v2\/pages\/16612\/revisions\/16769"}],"up":[{"embeddable":true,"href":"https:\/\/le-garden.com\/index.php\/wp-json\/wp\/v2\/pages\/13856"}],"wp:attachment":[{"href":"https:\/\/le-garden.com\/index.php\/wp-json\/wp\/v2\/media?parent=16612"}],"curies":[{"name":"wp","href":"https:\/\/api.w.org\/{rel}","templated":true}]}}